{"id":11,"date":"2023-02-24T20:23:57","date_gmt":"2023-02-24T20:23:57","guid":{"rendered":"https:\/\/tramitesvisas.betto.com.mx\/?page_id=11"},"modified":"2023-03-08T19:13:36","modified_gmt":"2023-03-08T19:13:36","slug":"precios","status":"publish","type":"page","link":"https:\/\/tramitesvisas.betto.com.mx\/index.php\/precios\/","title":{"rendered":"Precios"},"content":{"rendered":"<div class=\"wp-block-image\">\n<figure class=\"aligncenter size-large is-resized\"><img loading=\"lazy\" decoding=\"async\" src=\"https:\/\/tramitesvisas.betto.com.mx\/wp-content\/uploads\/2023\/03\/Fondo-de-pantalla-Recordatorio-PC-Electronico-Noventoso-Lila-y-Celeste-Pastel-1-1024x576.png\" alt=\"\" class=\"wp-image-52\" width=\"970\" height=\"545\" srcset=\"https:\/\/tramitesvisas.betto.com.mx\/wp-content\/uploads\/2023\/03\/Fondo-de-pantalla-Recordatorio-PC-Electronico-Noventoso-Lila-y-Celeste-Pastel-1-1024x576.png 1024w, https:\/\/tramitesvisas.betto.com.mx\/wp-content\/uploads\/2023\/03\/Fondo-de-pantalla-Recordatorio-PC-Electronico-Noventoso-Lila-y-Celeste-Pastel-1-300x169.png 300w, https:\/\/tramitesvisas.betto.com.mx\/wp-content\/uploads\/2023\/03\/Fondo-de-pantalla-Recordatorio-PC-Electronico-Noventoso-Lila-y-Celeste-Pastel-1-768x432.png 768w, https:\/\/tramitesvisas.betto.com.mx\/wp-content\/uploads\/2023\/03\/Fondo-de-pantalla-Recordatorio-PC-Electronico-Noventoso-Lila-y-Celeste-Pastel-1-1536x864.png 1536w, https:\/\/tramitesvisas.betto.com.mx\/wp-content\/uploads\/2023\/03\/Fondo-de-pantalla-Recordatorio-PC-Electronico-Noventoso-Lila-y-Celeste-Pastel-1.png 1920w\" sizes=\"auto, (max-width: 970px) 100vw, 970px\" \/><\/figure>\n<\/div>\n\n\n<p class=\"has-text-align-center\"><strong><strong>Para nosotros tu tr\u00e1mite es muy enserio, por eso te brindamos un servicio profesional y enfocado, con atenci\u00f3n personalizada para ahorrarte tiempo y evitarte errores en tu aplicaci\u00f3n.<\/strong><\/strong> <br><\/p>\n\n\n\n<h2 class=\"has-text-align-center wp-block-heading\"><strong><mark style=\"background-color:rgba(0, 0, 0, 0)\" class=\"has-inline-color has-vivid-red-color\">\u00bfCu\u00e1nto cuesta nuestro servicio?<\/mark> $1,800 pesos&nbsp;<\/strong><\/h2>\n\n\n\n<h4 class=\"has-text-align-center wp-block-heading\"><strong>Adem\u00e1s deber\u00e1s realizar el pago a la embajada:&nbsp;$160 d\u00f3lares adulto y $15 d\u00f3lares menores de 15 a\u00f1os&nbsp;<\/strong>(Por su seguridad \u00e9ste pago lo har\u00e1 directamente a la cuenta de la embajada)<\/h4>\n\n\n\n<h2 class=\"has-text-align-center wp-block-heading\"><strong><mark style=\"background-color:rgba(0, 0, 0, 0)\" class=\"has-inline-color has-vivid-red-color\">\u00bfQu\u00e9 servicios incluye el tr\u00e1mite de solicitud de Visa Americana?<\/mark><\/strong><\/h2>\n\n\n\n<ul class=\"wp-block-list\">\n<li>Llenado del formulario DS 160 (necesario para poder agendar una visa de turista EE.UU.)<\/li>\n\n\n\n<li>Creaci\u00f3n de cuenta para designar el retorno de documentos en DHL (en caso de<br>aprobaci\u00f3n de la visa)<\/li>\n\n\n\n<li>Generaci\u00f3n de referencia de pago en efectivo: (Banamex, Scotia Bank \u00fanicamente)<\/li>\n\n\n\n<li>Agendar cita ante el Centro de Atenci\u00f3n al Solicitante (CAS) para toma de huellas y<br>Fotograf\u00edas.<\/li>\n\n\n\n<li>Agendar la cita ante el Consulado de los Estados Unidos<\/li>\n<\/ul>\n\n\n\n<p><\/p>\n\n\n\n<figure class=\"wp-block-table\"><table><tbody><tr><td class=\"has-text-align-center\" data-align=\"center\"><strong><mark style=\"background-color:rgba(0, 0, 0, 0)\" class=\"has-inline-color has-vivid-red-color\">TRAMITE INDIVIDUAL<\/mark><\/strong><br><strong><mark style=\"background-color:rgba(0, 0, 0, 0)\" class=\"has-inline-color has-black-color\">$1,800.00 <\/mark><\/strong><br><img loading=\"lazy\" decoding=\"async\" width=\"250\" height=\"179\" class=\"wp-image-58\" style=\"width: 250px;\" src=\"https:\/\/tramitesvisas.betto.com.mx\/wp-content\/uploads\/2023\/03\/Tarjeta-de-agradecimiento-para-boda-flores-acuarela-elegante-beige.png\" alt=\"\" srcset=\"https:\/\/tramitesvisas.betto.com.mx\/wp-content\/uploads\/2023\/03\/Tarjeta-de-agradecimiento-para-boda-flores-acuarela-elegante-beige.png 2000w, https:\/\/tramitesvisas.betto.com.mx\/wp-content\/uploads\/2023\/03\/Tarjeta-de-agradecimiento-para-boda-flores-acuarela-elegante-beige-300x214.png 300w, https:\/\/tramitesvisas.betto.com.mx\/wp-content\/uploads\/2023\/03\/Tarjeta-de-agradecimiento-para-boda-flores-acuarela-elegante-beige-1024x732.png 1024w, https:\/\/tramitesvisas.betto.com.mx\/wp-content\/uploads\/2023\/03\/Tarjeta-de-agradecimiento-para-boda-flores-acuarela-elegante-beige-768x549.png 768w, https:\/\/tramitesvisas.betto.com.mx\/wp-content\/uploads\/2023\/03\/Tarjeta-de-agradecimiento-para-boda-flores-acuarela-elegante-beige-1536x1097.png 1536w\" sizes=\"auto, (max-width: 250px) 100vw, 250px\" \/><\/td><td class=\"has-text-align-center\" data-align=\"center\"><strong><mark style=\"background-color:rgba(0, 0, 0, 0)\" class=\"has-inline-color has-vivid-red-color\">PAQUETE FAMILIAR<\/mark><\/strong><br><strong><mark style=\"background-color:rgba(0, 0, 0, 0)\" class=\"has-inline-color has-black-color\">$1,300.00 C\/U<\/mark><\/strong><br><img loading=\"lazy\" decoding=\"async\" width=\"250\" height=\"179\" class=\"wp-image-56\" style=\"width: 250px;\" src=\"https:\/\/tramitesvisas.betto.com.mx\/wp-content\/uploads\/2023\/03\/Tarjeta-de-agradecimiento-para-boda-flores-acuarela-elegante-beige-2.png\" alt=\"\" srcset=\"https:\/\/tramitesvisas.betto.com.mx\/wp-content\/uploads\/2023\/03\/Tarjeta-de-agradecimiento-para-boda-flores-acuarela-elegante-beige-2.png 2000w, https:\/\/tramitesvisas.betto.com.mx\/wp-content\/uploads\/2023\/03\/Tarjeta-de-agradecimiento-para-boda-flores-acuarela-elegante-beige-2-300x214.png 300w, https:\/\/tramitesvisas.betto.com.mx\/wp-content\/uploads\/2023\/03\/Tarjeta-de-agradecimiento-para-boda-flores-acuarela-elegante-beige-2-1024x732.png 1024w, https:\/\/tramitesvisas.betto.com.mx\/wp-content\/uploads\/2023\/03\/Tarjeta-de-agradecimiento-para-boda-flores-acuarela-elegante-beige-2-768x549.png 768w, https:\/\/tramitesvisas.betto.com.mx\/wp-content\/uploads\/2023\/03\/Tarjeta-de-agradecimiento-para-boda-flores-acuarela-elegante-beige-2-1536x1097.png 1536w\" sizes=\"auto, (max-width: 250px) 100vw, 250px\" \/><\/td><\/tr><\/tbody><\/table><\/figure>\n\n\n\n<p><\/p>\n\n\n\n<p class=\"has-text-align-center\"><strong>Si desea una opini\u00f3n sobre su caso en particular cont\u00e1ctenos<\/strong> <strong>al: <\/strong><\/p>\n\n\n\n<p class=\"has-text-align-center\">N\u00famero : <a href=\"https:\/\/web.whatsapp.com\/\" data-type=\"URL\" data-id=\"https:\/\/web.whatsapp.com\/\">777-565-48-85<\/a><\/p>\n\n\n\n<p class=\"has-text-align-center\">Correo: <a href=\"mailto:abvite76@gmail.com\">abvite76@gmail.com<\/a><\/p>\n","protected":false},"excerpt":{"rendered":"<p>Para nosotros tu tr\u00e1mite es muy enserio, por eso te brindamos un servicio profesional y enfocado, con atenci\u00f3n personalizada para ahorrarte tiempo y evitarte errores en tu aplicaci\u00f3n. \u00bfCu\u00e1nto cuesta nuestro servicio? $1,800 pesos&nbsp; Adem\u00e1s deber\u00e1s realizar el pago a la embajada:&nbsp;$160 d\u00f3lares adulto y $15 d\u00f3lares menores de 15 a\u00f1os&nbsp;(Por su seguridad \u00e9ste pago&#8230;<\/p>\n","protected":false},"author":1,"featured_media":0,"parent":0,"menu_order":0,"comment_status":"closed","ping_status":"closed","template":"","meta":{"footnotes":""},"class_list":["post-11","page","type-page","status-publish","hentry"],"_links":{"self":[{"href":"https:\/\/tramitesvisas.betto.com.mx\/index.php\/wp-json\/wp\/v2\/pages\/11","targetHints":{"allow":["GET"]}}],"collection":[{"href":"https:\/\/tramitesvisas.betto.com.mx\/index.php\/wp-json\/wp\/v2\/pages"}],"about":[{"href":"https:\/\/tramitesvisas.betto.com.mx\/index.php\/wp-json\/wp\/v2\/types\/page"}],"author":[{"embeddable":true,"href":"https:\/\/tramitesvisas.betto.com.mx\/index.php\/wp-json\/wp\/v2\/users\/1"}],"replies":[{"embeddable":true,"href":"https:\/\/tramitesvisas.betto.com.mx\/index.php\/wp-json\/wp\/v2\/comments?post=11"}],"version-history":[{"count":10,"href":"https:\/\/tramitesvisas.betto.com.mx\/index.php\/wp-json\/wp\/v2\/pages\/11\/revisions"}],"predecessor-version":[{"id":86,"href":"https:\/\/tramitesvisas.betto.com.mx\/index.php\/wp-json\/wp\/v2\/pages\/11\/revisions\/86"}],"wp:attachment":[{"href":"https:\/\/tramitesvisas.betto.com.mx\/index.php\/wp-json\/wp\/v2\/media?parent=11"}],"curies":[{"name":"wp","href":"https:\/\/api.w.org\/{rel}","templated":true}]}}